{"id":104,"date":"2020-08-25T22:48:15","date_gmt":"2020-08-25T22:48:15","guid":{"rendered":"https:\/\/hermandaddelrociodecamas.es\/?page_id=104"},"modified":"2020-11-14T13:58:26","modified_gmt":"2020-11-14T13:58:26","slug":"junta-de-gobierno","status":"publish","type":"page","link":"https:\/\/hermandaddelrociodecamas.es\/?page_id=104","title":{"rendered":"Junta de Gobierno"},"content":{"rendered":"<p><a href=\"https:\/\/i0.wp.com\/hermandaddelrociodecamas.es\/wp-content\/uploads\/2020\/11\/junta-2019-1.png?ssl=1\"><img data-recalc-dims=\"1\" loading=\"lazy\" decoding=\"async\" class=\"aligncenter wp-image-359 size-full\" src=\"https:\/\/i0.wp.com\/hermandaddelrociodecamas.es\/wp-content\/uploads\/2020\/11\/junta-2019-1.png?resize=604%2C401&#038;ssl=1\" alt=\"\" width=\"604\" height=\"401\" srcset=\"https:\/\/i0.wp.com\/hermandaddelrociodecamas.es\/wp-content\/uploads\/2020\/11\/junta-2019-1.png?w=4288&amp;ssl=1 4288w, https:\/\/i0.wp.com\/hermandaddelrociodecamas.es\/wp-content\/uploads\/2020\/11\/junta-2019-1.png?resize=300%2C199&amp;ssl=1 300w, https:\/\/i0.wp.com\/hermandaddelrociodecamas.es\/wp-content\/uploads\/2020\/11\/junta-2019-1.png?resize=1024%2C680&amp;ssl=1 1024w, https:\/\/i0.wp.com\/hermandaddelrociodecamas.es\/wp-content\/uploads\/2020\/11\/junta-2019-1.png?resize=768%2C510&amp;ssl=1 768w, https:\/\/i0.wp.com\/hermandaddelrociodecamas.es\/wp-content\/uploads\/2020\/11\/junta-2019-1.png?resize=1536%2C1020&amp;ssl=1 1536w, https:\/\/i0.wp.com\/hermandaddelrociodecamas.es\/wp-content\/uploads\/2020\/11\/junta-2019-1.png?resize=2048%2C1360&amp;ssl=1 2048w, https:\/\/i0.wp.com\/hermandaddelrociodecamas.es\/wp-content\/uploads\/2020\/11\/junta-2019-1.png?w=1208&amp;ssl=1 1208w, https:\/\/i0.wp.com\/hermandaddelrociodecamas.es\/wp-content\/uploads\/2020\/11\/junta-2019-1.png?w=1812&amp;ssl=1 1812w\" sizes=\"auto, (max-width: 604px) 100vw, 604px\" \/><\/a><strong>La actual Junta de Gobierno de la Hermandad tom\u00f3 posesi\u00f3n el d\u00eda 30\u00a0 de junio \u00a0de 2019, tras la aprobaci\u00f3n por parte del Arzobispado del resultado de las elecciones celebradas el 23 de junio del mismo. Su composici\u00f3n actual es la siguiente:<\/strong><\/p>\n<p>&nbsp;<\/p>\n<p><strong>Hermano Mayor<\/strong><\/p>\n<p>N.H.D. Francisco Jos\u00e9 M\u00edguez Morete<\/p>\n<p><strong>Teniente de Hermano Mayor<\/strong><\/p>\n<p>N.H.D\u00aa. Cristina D\u00edaz Pic\u00f3n<\/p>\n<p><strong>Mayordomo 1\u00ba<\/strong><\/p>\n<p>N.H.D\u00aa. Francisca L\u00f3pez Mateos<\/p>\n<p><strong>Secretario 1\u00ba<\/strong><\/p>\n<p>N.H.D. Juan Manuel Torres Batista<\/p>\n<p><strong>Prioste 1\u00ba<\/strong><\/p>\n<p>N.H.D. Raul Ru\u00edz Ib\u00e1\u00f1ez<\/p>\n<p><strong>Alcalde de Carretas 1\u00ba<\/strong><\/p>\n<p>N.H.D. \u00c1lvaro Guzm\u00e1n Pulido<\/p>\n<p><strong>Mayordomo Segundo<\/strong><\/p>\n<p>N.H.D\u00aa. Vicenta Arellano Angulo<\/p>\n<p><strong>Fiscal<\/strong><\/p>\n<p>N.H.D\u00aa. Silvia Jer\u00e9z Sivianes<\/p>\n<p><strong>Mayordomo de Camino<\/strong><\/p>\n<p>N.H.D. Francisco L\u00f3pez Arias<\/p>\n<p><strong>Prioste Segundo<\/strong><\/p>\n<p>N.H.D. Jos\u00e9 Luis Cabrera P\u00e9rez<\/p>\n<p><strong>Secretario Segundo<\/strong><\/p>\n<p>N.H.D. Jos\u00e9 Mu\u00f1\u00f3z Rebollo<\/p>\n<p><strong>Alcalde de Carretas Segundo<\/strong><\/p>\n<p>N.H.D. Francisco Javier Arellano Corrales<\/p>\n<p><strong>Secretario Tercero<\/strong><\/p>\n<p>N.H.D. Adolfo Duarte Romero<\/p>\n<p><strong>Diputada de Cultos y Caridad<\/strong><\/p>\n<p>N.H.D.\u00aa Mar\u00eda del Roc\u00edo Leal Garc\u00eda<\/p>\n<p><strong>Alcalde de Carretas 3\u00ba<\/strong><\/p>\n<p>N.H.D. Ricardo Garc\u00eda Santisteban<\/p>\n<p><strong>Diputado de Formaci\u00f3n y Actividad Social<\/strong><\/p>\n<p>N.H.D\u00aa. Carmen Pic\u00f3n Sivianes<\/p>\n<p><strong>Diputado de Juventud<\/strong><\/p>\n<p>N.H.D\u00aa. Celia L\u00f3pez Gonz\u00e1lez<\/p>\n","protected":false},"excerpt":{"rendered":"<p>La actual Junta de Gobierno de la Hermandad tom\u00f3 posesi\u00f3n el d\u00eda 30\u00a0 de junio \u00a0de 2019, tras la aprobaci\u00f3n por parte del Arzobispado del resultado de las elecciones celebradas el 23<a class=\"moretag\" href=\"https:\/\/hermandaddelrociodecamas.es\/?page_id=104\">Leer m\u00e1s&#8230;<\/a><\/p>\n","protected":false},"author":0,"featured_media":0,"parent":98,"menu_order":0,"comment_status":"closed","ping_status":"closed","template":"","meta":{"footnotes":""},"class_list":["post-104","page","type-page","status-publish","hentry"],"jetpack_sharing_enabled":true,"_links":{"self":[{"href":"https:\/\/hermandaddelrociodecamas.es\/index.php?rest_route=\/wp\/v2\/pages\/104","targetHints":{"allow":["GET"]}}],"collection":[{"href":"https:\/\/hermandaddelrociodecamas.es\/index.php?rest_route=\/wp\/v2\/pages"}],"about":[{"href":"https:\/\/hermandaddelrociodecamas.es\/index.php?rest_route=\/wp\/v2\/types\/page"}],"replies":[{"embeddable":true,"href":"https:\/\/hermandaddelrociodecamas.es\/index.php?rest_route=%2Fwp%2Fv2%2Fcomments&post=104"}],"version-history":[{"count":6,"href":"https:\/\/hermandaddelrociodecamas.es\/index.php?rest_route=\/wp\/v2\/pages\/104\/revisions"}],"predecessor-version":[{"id":363,"href":"https:\/\/hermandaddelrociodecamas.es\/index.php?rest_route=\/wp\/v2\/pages\/104\/revisions\/363"}],"up":[{"embeddable":true,"href":"https:\/\/hermandaddelrociodecamas.es\/index.php?rest_route=\/wp\/v2\/pages\/98"}],"wp:attachment":[{"href":"https:\/\/hermandaddelrociodecamas.es\/index.php?rest_route=%2Fwp%2Fv2%2Fmedia&parent=104"}],"curies":[{"name":"wp","href":"https:\/\/api.w.org\/{rel}","templated":true}]}}

<p><a href="https://i0.wp.com/hermandaddelrociodecamas.es/wp-content/uploads/2020/11/junta-2019-1.png?ssl=1"><img data-recalc-dims="1" loading="lazy" decoding="async" class="aligncenter wp-image-359 size-full" src="https://i0.wp.com/hermandaddelrociodecamas.es/wp-content/uploads/2020/11/junta-2019-1.png?resize=604%2C401&#038;ssl=1" alt="" width="604" height="401" srcset="https://i0.wp.com/hermandaddelrociodecamas.es/wp-content/uploads/2020/11/junta-2019-1.png?w=4288&amp;ssl=1 4288w, https://i0.wp.com/hermandaddelrociodecamas.es/wp-content/uploads/2020/11/junta-2019-1.png?resize=300%2C199&amp;ssl=1 300w, https://i0.wp.com/hermandaddelrociodecamas.es/wp-content/uploads/2020/11/junta-2019-1.png?resize=1024%2C680&amp;ssl=1 1024w, https://i0.wp.com/hermandaddelrociodecamas.es/wp-content/uploads/2020/11/junta-2019-1.png?resize=768%2C510&amp;ssl=1 768w, https://i0.wp.com/hermandaddelrociodecamas.es/wp-content/uploads/2020/11/junta-2019-1.png?resize=1536%2C1020&amp;ssl=1 1536w, https://i0.wp.com/hermandaddelrociodecamas.es/wp-content/uploads/2020/11/junta-2019-1.png?resize=2048%2C1360&amp;ssl=1 2048w, https://i0.wp.com/hermandaddelrociodecamas.es/wp-content/uploads/2020/11/junta-2019-1.png?w=1208&amp;ssl=1 1208w, https://i0.wp.com/hermandaddelrociodecamas.es/wp-content/uploads/2020/11/junta-2019-1.png?w=1812&amp;ssl=1 1812w" sizes="auto, (max-width: 604px) 100vw, 604px" /></a><strong>La actual Junta de Gobierno de la Hermandad tomó posesión el día 30  de junio  de 2019, tras la aprobación por parte del Arzobispado del resultado de las elecciones celebradas el 23 de junio del mismo. Su composición actual es la siguiente:</strong></p>
<p>&nbsp;</p>
<p><strong>Hermano Mayor</strong></p>
<p>N.H.D. Francisco José Míguez Morete</p>
<p><strong>Teniente de Hermano Mayor</strong></p>
<p>N.H.Dª. Cristina Díaz Picón</p>
<p><strong>Mayordomo 1º</strong></p>
<p>N.H.Dª. Francisca López Mateos</p>
<p><strong>Secretario 1º</strong></p>
<p>N.H.D. Juan Manuel Torres Batista</p>
<p><strong>Prioste 1º</strong></p>
<p>N.H.D. Raul Ruíz Ibáñez</p>
<p><strong>Alcalde de Carretas 1º</strong></p>
<p>N.H.D. Álvaro Guzmán Pulido</p>
<p><strong>Mayordomo Segundo</strong></p>
<p>N.H.Dª. Vicenta Arellano Angulo</p>
<p><strong>Fiscal</strong></p>
<p>N.H.Dª. Silvia Jeréz Sivianes</p>
<p><strong>Mayordomo de Camino</strong></p>
<p>N.H.D. Francisco López Arias</p>
<p><strong>Prioste Segundo</strong></p>
<p>N.H.D. José Luis Cabrera Pérez</p>
<p><strong>Secretario Segundo</strong></p>
<p>N.H.D. José Muñóz Rebollo</p>
<p><strong>Alcalde de Carretas Segundo</strong></p>
<p>N.H.D. Francisco Javier Arellano Corrales</p>
<p><strong>Secretario Tercero</strong></p>
<p>N.H.D. Adolfo Duarte Romero</p>
<p><strong>Diputada de Cultos y Caridad</strong></p>
<p>N.H.D.ª María del Rocío Leal García</p>
<p><strong>Alcalde de Carretas 3º</strong></p>
<p>N.H.D. Ricardo García Santisteban</p>
<p><strong>Diputado de Formación y Actividad Social</strong></p>
<p>N.H.Dª. Carmen Picón Sivianes</p>
<p><strong>Diputado de Juventud</strong></p>
<p>N.H.Dª. Celia López González</p>

<p>La actual Junta de Gobierno de la Hermandad tomó posesión el día 30  de junio  de 2019, tras la aprobación por parte del Arzobispado del resultado de las elecciones celebradas el 23<a class="moretag" href="https://hermandaddelrociodecamas.es/?page_id=104">Leer más&#8230;</a></p>
